 -10, -5*p + o*v - 30 = 0. List the prime factors of 532/8 - 20/p.
3, 23
List the prime factors of (-189)/((-189)/2058*(-3)/(-18)).
2, 3, 7
List the prime factors of (8880 - 6 - -9) + 14.
7, 31, 41
Let a = -87 - -89. Suppose -a*l + 124 - 2 = 0. List the prime factors of l.
61
Suppose 12*o - 7*o = 5, 3*o - 3 = 4*m. List the prime factors of (-100)/(m + ((-2)/8 - 0)).
2, 5
Let w be (6 - -2)*(-1 - 12/(-8)). List the prime factors of -703*(w - (2 - -3)).
19, 37
Suppose -18*s + 53250 = -9*s + s. What are the prime factors of s?
3, 5, 71
Suppose 5*p = 5*z + 169180, -12*p + 17*p + z - 169228 = 0. List the prime factors of p.
2, 8461
Suppose -3*i + 0*i = -i. Suppose 3*n - 4*a + 22 = i, 0 = -6*n + 7*n + 5*a + 1. Let q(u) = u**3 + 9*u**2 + 3*u - 5. List the prime factors of q(n).
5, 17
Let b(c) = 1026*c**2 - 174*c - 1440. What are the prime factors of b(-8)?
2, 3, 1367
Suppose 22*r - 19*r + 14804 = p, 2*p = 5*r + 29604. List the prime factors of p.
2, 43
Let l(i) = 10*i**2 + 5*i - 9. Let o be l(1). Suppose 8193 = o*p + 357. What are the prime factors of p?
2, 653
Suppose 0 = 5*m, -5*u + m - 6 = -31. Suppose -2*v + 3*x = -431, -u*x + 235 = 16*v - 15*v. What are the prime factors of v?
2, 5, 11
Suppose 5*k - 4*s - 54985 = 0, k = 16*s - 20*s + 10997. What are the prime factors of k?
7, 1571
Suppose 219 = j - 4*j. Let r be (-69)/184 - 3764/32. Let h = j - r. List the prime factors of h.
3, 5
Suppose -4*o = -j + 33, -2*j + 4*j - o - 59 = 0. Suppose 4*r = -l + 823, 3*l - 2542 = -r - j. What are the prime factors of l?
839
Let l = -1019 - -1914. Let c = l + -764. List the prime factors of c.
131
Let p be (-16)/(-4) - (0 + -62). Let l = p + -60. Suppose 26 = l*k - 370. What are the prime factors of k?
2, 3, 11
Let h be (4 - -4) + -4 + -62. Let k = h - -1176. List the prime factors of k.
2, 13, 43
Suppose -1835 = 6*w - w. Let l be (((-104)/24 - -5)/(3/(-2583)))/1. Let k = w - l. What are the prime factors of k?
3, 23
Let c(i) = 3*i**2 + 7*i + 16. Let r be c(-2). Suppose 0 = r*f + 5*f - 1444. What are the prime factors of f?
2, 19
Suppose -4*n + 3*n = 1603. Let m = 3042 + n. Suppose -8*d = -169 - m. What are the prime factors of d?
3, 67
Let w be (2/3)/((-2)/3). Let z(m) be the second derivative of 73*m**4/12 - m**3/6 + 508*m + 2. What are the prime factors of z(w)?
2, 37
Suppose 0 = -11*f + 19*f. Suppose f = -3*q - q + 2*n + 1972, 4*n + 1964 = 4*q. Let c = q - 295. What are the prime factors of c?
2, 5
Suppose -4*g - 5*d = -19336, -3*g = -5*d + 1482 - 16019. What are the prime factors of g?
3, 1613
Let u(d) = 14*d**2 + 123*d - 2441. List the prime factors of u(23).
2, 3, 433
Suppose -y - 891 = -5*m, -3*m = 2*y + y - 531. Let n = -80 + m. Suppose 8*j - n = j. What are the prime factors of j?
2, 7
Suppose -2*l - 2*t - 22 = -4*l, -l + 4*t = 1. Suppose -5*g = -l, -3*g = p - 3*p + 165. List the prime factors of p.
3, 29
Let j = -18578 - -43278. List the prime factors of j.
2, 5, 13, 19
Let a = -188 - -284. Let i(p) = p**3 + 18*p**2 - 79*p - 5. Let x be i(-21). Let t = x - a. What are the prime factors of t?
5, 47
Let n be 20 - (-7 + (5 - 0)). Suppose -n*c = -3*c - 6555. What are the prime factors of c?
3, 5, 23
Suppose 0 = -2*b + 2*i + 268, -4*i - 670 = -5*b - 0*b. Let n = b + -6. List the prime factors of n.
2
What are the prime factors of (49752/(-30))/((-8)/60 - 215/(-1950))?
2, 13, 691
Let v be 1 - 7 - (14 + -24686)/12. Suppose 0 = a - 5*u - 1016, -21*a - v = -23*a + u. What are the prime factors of a?
2, 3, 19
Suppose 17038 = 8*r + 6*r. Suppose 4*s + 2*x = -s + 2032, -3*s + x + r = 0. List the prime factors of s.
2, 7, 29
Suppose 0 = 3*g + 4*s - 0*s - 1629, 4*g + 4*s = 2172. Let q = -336 + g. List the prime factors of q.
3, 23
Suppose 0 = -4*g + 24 + 28. Let j(n) = 9*n - 92. List the prime factors of j(g).
5
Let k(z) = 245*z**2 - 11*z**2 + 51*z**2 - 28 - 7*z. List the prime factors of k(-2).
2, 563
Let r = -101 + 97. Let x be 18/r*(-8)/(-12). What are the prime factors of ((-7)/((-105)/(-440)))/(x/9)?
2, 11
Suppose 61 = 3*b + 5*p, 3*b + 2*b + 2*p = 70. Suppose -b*k = -677 - 3247. What are the prime factors of k?
3, 109
Suppose -2*w - 2*y = 284, -5*w - 244 - 478 = 2*y. Let g(i) = 8*i**2 + 8*i - 6. Let d be g(-6). Let l = w + d. What are the prime factors of l?
2, 11
Suppose 3 + 3 = 2*z. Let y(p) = -9*p + 11*p + 10*p + 4*p**2 - 20 + p**z - 7*p**2. List the prime factors of y(6).
2, 5
Let u(a) = -a**2 - 34*a - 213. Let y be u(-27). Let x(v) = -v**3 - 23*v**2 - 3*v - 70. What are the prime factors of x(y)?
2, 17
What are the prime factors of 4034/3 - 1 - 35/(-105)?
2, 3, 7
Let i = 9 + -8. Let c(j) = j**3 + 9*j**2 + 4*j - 39. Let k be c(-7). Let d = i + k. List the prime factors of d.
2
Let l(u) be the second derivative of 2*u**3/3 + 13*u**2/2 + 5*u. Let t be l(-8). Let n(g) = -7*g - 16. List the prime factors of n(t).
3, 13
Suppose -27*b = -109778 - 20281. List the prime factors of b.
4817
Let f(j) = 162*j - 725. List the prime factors of f(29).
29, 137
Suppose -2*u + 65 = 55. Suppose -5*p + 2*n = -1697, -u*n = -p + 6*p - 1690. List the prime factors of p.
3, 113
Suppose -11631 = -h - 4*l, -56*h + 5*l = -59*h + 34893. What are the prime factors of h?
3, 3877
Let u = -388 - -572. Let t = 360 - u. List the prime factors of t.
2, 11
Suppose 0 = -3*l - 9, 5*s - l + 592 = -0*l. Suppose 5*p + 5*i + 23 - 3 = 0, 3*i = 3*p. List the prime factors of 68/s*14/p.
2
Let y be 1/5 + 783/435. Suppose -14*p + 12*p + 276 = y*h, h + 5*p = 158. What are the prime factors of h?
7, 19
Let u(s) = -7*s - 44. Let w be u(-8). Suppose -w*c = -13*c + 133. Suppose z + 3 = 2, 2*n - z = c. What are the prime factors of n?
2, 3, 11
Suppose -5*d - 5*q = -224865, -d - 3*q = 16469 - 61446. List the prime factors of d.
44971
Let s = -66 + 66. Suppose s = k - 3*o - 685, -4*k + 2758 = 3*o - 6*o. What are the prime factors of k?
691
List the prime factors of (21735/322)/(-6*(-3)/4344).
2, 3, 5, 181
Suppose -24*s = -18*s + 3282. What are the prime factors of (-6)/9*(s - -1 - -3)?
2, 181
Let p = 7287 - 3064. List the prime factors of p.
41, 103
Let g = 278 - 483. List the prime factors of (5 + 153/(-45))/((-2)/g).
2, 41
Suppose 4429*u + 174585 = 4444*u. What are the prime factors of u?
103, 113
Suppose -7 = j, -3*j + 43273 = 3*p - 4*j. What are the prime factors of p?
2, 7211
Let p(q) = 6*q**2 - 3*q + 75. List the prime factors of p(21).
2, 3, 443
Let w(y) = 0 - 7*y**2 + 609*y - 631*y - 1 - 3*y**3. What are the prime factors of w(-6)?
17, 31
Let m(i) = i**3 + 13*i**2 + 11*i + 5. Let x be m(-12). Let v = -14 + x. Suppose -s = v*s - 80. List the prime factors of s.
2, 5
Let y(k) = 52*k**2 + 19*k - 353. List the prime factors of y(28).
3, 13649
Suppose 4*p = 5*o + 216429, -p - 3*o - 31005 = -85108. What are the prime factors of p?
2, 13, 2081
Let o(t) be the third derivative of -2*t**4 - 2*t**3/3 - 16*t**2. Let c be o(-2). Suppose -q = -4*v - c, -v + 8 = 3*v. What are the prime factors of q?
2, 5
Let j(k) = -9*k - 48 + 7*k**3 + 6*k**2 - 6*k**3 + 23. What are the prime factors of j(-6)?
29
Let b(v) = 241*v**2 - v - 12. Suppose 16*r - 59*r - 86 = 0. What are the prime factors of b(r)?
2, 3, 53
Suppose -4*m = 4*z + 64, 5*z + 14 + 90 = m. List the prime factors of z/(-80) + (-3225)/(-12) + 3.
2, 17
Let j(v) = 12*v**3 - 4*v**2 + 21*v + 5. Let d be j(7). Suppose -33*a - d = -41*a. List the prime factors of a.
509
Let f be (-4)/(-6) + (-28)/6. Let o(s) = -2*s**3 - 6*s**2 + 3*s + 12. Let g be o(f). Suppose 6*p = 7*p - g. List the prime factors of p.
2
Suppose -147*j - 35*j = 215354 - 3879924. What are the prime factors of j?
5, 4027
Let u be (1 - 0)/(((-25)/80810)/(-5)). Suppose -u + 2126 = -22*f. What are the prime factors of f?
2, 11, 29
Let m(j) = j**2 - 20*j + 102. Let s be m(9). What are the prime factors of ((-52)/(-20) - s)/((-2)/2970)?
2, 3, 11
Let d(y) be the second derivative of 197*y**4/12 + y**3 + 7*y**2 - 7*y. Let k be d(-4). What are the prime factors of k/16 + 3/(-8)?
2, 7
Let t(w) = 87 + 9*w - 35 + 5*w**2 + 3*w. List the prime factors of t(13).
3, 13
Let q be 16/12 - (-1 + 4/(-6)). Suppose 2*k - 406 = k - q*g, -3*k + 1158 = -3*g. What are the prime factors of k?
17, 23
Let x(f) = f**2 + 29*f + 47. Let b be x(-20). Let o = 1265 + b. What are the prime factors of o?
2, 283
Suppose q + 763 = 3*p + p